
2
What is the greatest common divisor of 150 and 195?
15
Calculate the highest common divisor of 160 and 110.
10
What is the greatest common divisor of 792 and 168?
24
Calculate the greatest common divisor of 1660 and 40.
20
What is the greatest common factor of 73503 and 9?
9
Calculate the greatest common factor of 388 and 4.
4
Calculate the highest common factor of 2 and 746.
2
What is the highest common divisor of 12 and 4044?
12
What is the greatest common divisor of 1760 and 88?
88
What is the highest common divisor of 11340 and 525?
105
What is the highest common factor of 852 and 36?
12
Calculate the highest common divisor of 684 and 324.
36
What is the highest common divisor of 9 and 1341?
9
Calculate the greatest common divisor of 105 and 8715.
105
Calculate the greatest common divisor of 349 and 9.
1
Calculate the greatest common factor of 120 and 4780.
20
Calculate the greatest common factor of 215 and 15.
5
What is the highest common factor of 22 and 1342?
22
What is the greatest common factor of 70 and 12026?
14
What is the highest common divisor of 230 and 280?
10
What is the highest common divisor of 100 and 220?
20
What is the greatest common divisor of 128 and 20?
4
What is the greatest common divisor of 39 and 84?
3
Calculate the highest common factor of 2979 and 3.
3
What is the highest common factor of 250 and 10?
10
What is the highest common factor of 2592 and 2976?
96
Calculate the greatest common divisor of 2669 and 85.
17
What is the greatest common factor of 8 and 18?
2
What is the highest common factor of 2 and 242?
2
What is the greatest common divisor of 169 and 247?
13
Calculate the highest common divisor of 75 and 1485.
15
Calculate the greatest common factor of 568 and 213.
71
Calculate the greatest common factor of 78 and 102.
6
What is the greatest common divisor of 52294 and 22?
22
What is the highest common divisor of 6447 and 21?
21
What is the highest common factor of 135 and 27?
27
Calculate the highest common divisor of 69 and 161.
23
What is the highest common factor of 28 and 3143?
7
What is the highest common factor of 10 and 30?
10
What is the greatest common divisor of 1024 and 96?
32
Calculate the highest common factor of 153 and 9.
9
Calculate the highest common divisor of 909 and 5858.
101
Calculate the highest common factor of 21 and 2289.
21
Calculate the highest common divisor of 242 and 198.
22
What is the greatest common divisor of 136 and 32?
8
What is the greatest common divisor of 2373 and 6?
3
Calculate the greatest common factor of 518 and 28.
14
What is the highest common factor of 48 and 256?
16
What is the highest common factor of 464 and 174?
58
Calculate the highest common factor of 7 and 217.
7
Calculate the highest common divisor of 1281 and 21.
21
What is the greatest common factor of 16 and 7328?
16
What is the highest common divisor of 792 and 176?
88
Calculate the greatest common divisor of 435 and 30.
15
What is the greatest common divisor of 45 and 1845?
45
What is the greatest common divisor of 105 and 168?
21
What is the greatest common divisor of 19 and 76?
19
What is the highest common factor of 46 and 1150?
46
Calculate the greatest common factor of 240 and 60.
60
What is the greatest common factor of 152 and 44992?
152
Calculate the greatest common divisor of 11 and 88.
11
What is the highest common factor of 390 and 572?
26
What is the highest common factor of 14 and 266?
14
What is the greatest common divisor of 3260 and 489?
163
What is the highest common divisor of 8448 and 24?
24
What is the highest common factor of 214 and 2675?
107
Calculate the greatest common divisor of 84 and 210.
42
Calculate the highest common divisor of 14104 and 1376.
344
Calculate the highest common factor of 147 and 567.
21
Calculate the greatest common factor of 12 and 100.
4
Calculate the greatest common factor of 32 and 14744.
8
What is the greatest common divisor of 256 and 2?
2
What is the greatest common divisor of 3652 and 44?
44
Calculate the greatest common factor of 741 and 38.
19
What is the highest common factor of 18 and 27?
9
What is the highest common factor of 310 and 186?
62
Calculate the greatest common factor of 768 and 672.
96
What is the highest common factor of 110 and 242?
22
Calculate the greatest common factor of 230 and 368.
46
What is the highest common factor of 1349 and 1633?
71
What is the greatest common divisor of 91 and 572?
13
What is the highest common factor of 190 and 1615?
95
What is the greatest common factor of 5 and 55?
5
Calculate the greatest common divisor of 7 and 553.
7
Calculate the greatest common divisor of 576 and 320.
64
What is the greatest common factor of 522 and 928?
58
Calculate the greatest common factor of 55 and 95.
5
What is the highest common divisor of 1100 and 88?
44
Calculate the highest common divisor of 162 and 189.
27
What is the highest common divisor of 253 and 897?
23
Calculate the highest common divisor of 21064 and 8.
8
What is the highest common factor of 1725 and 2625?
75
Calculate the highest common divisor of 13 and 9659.
13
What is the greatest common factor of 8 and 472?
8
Calculate the highest common factor of 40 and 8.
8
What is the greatest common divisor of 16 and 16?
16
What is the highest common divisor of 24 and 102?
6
What is the highest common divisor of 1329 and 6?
3
What is the greatest common divisor of 158 and 10?
2
What is the highest common factor of 7 and 875?
7
What is the highest common factor of 25 and 4095?
5
What is the greatest common factor of 5 and 2285?
5
Calculate the highest common factor of 44 and 4.
4
What is the greatest common divisor of 845 and 65?
65
What is the highest common divisor of 116 and 638?
58
What is the highest common divisor of 56 and 98?
14
Calculate the highest common divisor of 1122 and 17.
17
Calculate the highest common divisor of 169 and 9.
1
Calculate the greatest common divisor of 14 and 77.
7
What is the greatest common divisor of 2 and 4?
2
Calculate the highest common divisor of 3 and 77.
1
What is the greatest common divisor of 7317 and 27?
27
Calculate the greatest common divisor of 108 and 28.
4
Calculate the greatest common divisor of 1250 and 225.
25
Calculate the greatest common divisor of 6744 and 192.
24
What is the greatest common divisor of 27 and 351?
27
What is the greatest common divisor of 2150 and 1150?
50
What is the greatest common divisor of 550 and 150?
50
Calculate the greatest common factor of 10 and 1280.
10
What is the greatest common divisor of 817 and 114?
19
Calculate the highest common factor of 12 and 138.
6
What is the greatest common divisor of 570 and 30?
30
Calculate the highest common divisor of 56 and 364.
28
What is the highest common divisor of 207 and 138?
69
What is the greatest common divisor of 122 and 4514?
122
Calculate the highest common divisor of 7654 and 356.
178
What is the highest common factor of 603 and 402?
201
What is the greatest common divisor of 176 and 24?
8
What is the greatest common factor of 12160 and 32?
32
Calculate the highest common factor of 138 and 92.
46
Calculate the greatest common factor of 65 and 2561.
13
Calculate the greatest common factor of 4 and 356.
4
Calculate the highest common factor of 1092 and 312.
156
Calculate the highest common divisor of 16 and 848.
16
Calculate the highest common divisor of 42 and 1218.
42
Calculate the highest common divisor of 3258 and 90.
18
What is the highest common divisor of 1228 and 4?
4
What is the highest common divisor of 36 and 126?
18
What is the greatest common divisor of 208 and 576?
16
Calculate the greatest common factor of 8625 and 69.
69
Calculate the highest common factor of 189 and 1953.
63
Calculate the highest common factor of 10 and 155.
5
Calculate the greatest common divisor of 3114 and 18.
18
Calculate the highest common factor of 10 and 80.
10
Calculate the greatest common factor of 198 and 22.
22
Calculate the greatest common factor of 370 and 962.
74
Calculate the highest common factor of 20 and 2330.
10
What is the greatest common divisor of 5 and 36485?
5
Calculate the highest common factor of 34 and 136.
34
What is the greatest common factor of 1528 and 8?
8
Calculate the greatest common factor of 70 and 410.
10
